{"id":1498,"date":"2019-06-20T14:33:09","date_gmt":"2019-06-20T12:33:09","guid":{"rendered":"http:\/\/hannestadterrasse.no.datasenter.no\/info\/?page_id=1498"},"modified":"2025-01-29T11:25:08","modified_gmt":"2025-01-29T10:25:08","slug":"hms","status":"publish","type":"page","link":"https:\/\/hannestadterrasse.no\/?page_id=1498","title":{"rendered":"HMS"},"content":{"rendered":"<div data-colibri-id=\"1498-c1\" class=\"style-220 style-local-1498-c1 position-relative\">\n  <!---->\n  <div data-colibri-component=\"section\" data-colibri-id=\"1498-c2\" id=\"custom\" class=\"h-section h-section-global-spacing d-flex align-items-lg-center align-items-md-center align-items-center style-645 style-local-1498-c2 position-relative\">\n    <!---->\n    <!---->\n    <div class=\"h-separator\" style=\"height: 100px; bottom: calc(0px);\">\n      <svg style=\"fill:rgb(2, 86, 156);\" xmlns=\"http:\/\/www.w3.org\/2000\/svg\" viewBox=\"0 0 1000 100\" preserveAspectRatio=\"none\">\n        <path class=\"svg-white-bg\" d=\"M737.9,94.7L0,0v100h1000V0L737.9,94.7z\"><\/path>\n      <\/svg>\n    <\/div>\n    <div class=\"h-section-grid-container h-section-boxed-container\">\n      <!---->\n      <div data-colibri-id=\"1498-c3\" data-aos=\"fadeInUp\" class=\"h-row-container gutters-row-lg-2 gutters-row-md-2 gutters-row-0 gutters-row-v-lg-2 gutters-row-v-md-2 gutters-row-v-2 style-646 style-local-1498-c3 position-relative\">\n        <!---->\n        <div class=\"h-row justify-content-lg-center justify-content-md-center justify-content-center align-items-lg-stretch align-items-md-stretch align-items-stretch gutters-col-lg-2 gutters-col-md-2 gutters-col-0 gutters-col-v-lg-2 gutters-col-v-md-2 gutters-col-v-2\">\n          <!---->\n          <div class=\"h-column h-column-container d-flex h-col-lg-auto h-col-md-auto h-col-auto style-647-outer style-local-1498-c4-outer\">\n            <div data-colibri-id=\"1498-c4\" class=\"d-flex h-flex-basis h-column__inner h-px-lg-2 h-px-md-2 h-px-2 v-inner-lg-2 v-inner-md-2 v-inner-2 style-647 style-local-1498-c4 position-relative\">\n              <!---->\n              <!---->\n              <div class=\"w-100 h-y-container h-column__content h-column__v-align flex-basis-100 align-self-lg-start align-self-md-start align-self-start\">\n                <!---->\n                <div data-colibri-id=\"1498-c5\" class=\"h-text h-text-component style-648 style-local-1498-c5 position-relative h-element\">\n                  <!---->\n                  <!---->\n                  <div class=\"\">\n                    <h3><span style=\"font-size: 81%; font-family: &quot;Playfair Display&quot;; color: rgb(153, 153, 153);\">Informasjon om helse-, milj\u00f8- og sikkerhetsarbeidet (HMS) i boligselskapet.<\/span><\/h3>\n                    <p>I Hannestad Terrasse \u00f8nsker vi \u00e5 skape et trivelig og sikkert arbeids- og bomilj\u00f8 for alle beboere og ansatte. Vi skal ta vare p\u00e5 boligselskapets bygninger og materiell, forhindre belastning p\u00e5 det ytre milj\u00f8, og velge produkter og\n                      tjenester som ikke skal kunne skade beboerne eller gjester. Disse m\u00e5lene skal vi n\u00e5 gjennom stadige forbedringer. B\u00e5de styret, ansatte og beboerne skal delta aktivt i dette forbedringsarbeidet.<\/p>\n                    <p>\n                      <br>\n                    <\/p>\n                    <h4><span style=\"font-family: &quot;Playfair Display&quot;; color: rgb(153, 153, 153);\">Hva menes med systematisk HMS-arbeid?<\/span><\/h4>\n                    <p>Internkontroll inneb\u00e6rer at vi skal registrere, dokumentere og systematisere alt som har med HMS \u00e5 gj\u00f8re. Internkontrollforskriften samler alle forpliktelsene i HMS-lovgivningen og form\u00e5let med forskriften er blant annet:<\/p>\n                    <p>&#8211; \u00e5 forbedre arbeidsrutinene og fremme arbeidsmilj\u00f8 og sikkerhet<\/p>\n                    <p>&#8211; \u00e5 verne mot helse- og milj\u00f8skader fra produkter, lekeplassutstyr og elektrisk anlegg&nbsp;\u00e5 hindre brann og branntill\u00f8p<\/p>\n                    <p>&#8211; \u00e5 fremme vern av det ytre milj\u00f8 mot forurensninger<\/p>\n                    <p>&#8211; \u00e5 s\u00f8rge for bedre behandling av avfall&nbsp;<\/p>\n                    <p>\n                      <br>\n                    <\/p>\n                    <h4><span style=\"color: rgb(153, 153, 153); font-family: &quot;Playfair Display&quot;;\">Hva kan <\/span>\n                      <u style=\"color: rgb(153, 153, 153); font-family: &quot;Playfair Display&quot;;\">du<\/u><span style=\"color: rgb(153, 153, 153); font-family: &quot;Playfair Display&quot;;\"> gj\u00f8re for at boligselskapet skal bli et tryggere og bedre sted \u00e5 bo?<\/span><\/h4>\n                    <p>Oppdager du feil og mangler ved lekeplassen eller lekeplassutstyret, skader p\u00e5 fellesanlegg, lekkasjer, h\u00e6rverk, uforsvarlig lagring av s\u00f8ppel og avfall, eller andre forhold som kan medf\u00f8re skade p\u00e5 person eller bygninger, s\u00e5 ber styret\n                      deg innstendig om \u00e5 melde fra om dette til styret eller daglig leder.<\/p>\n                    <p>\n                      <br>\n                    <\/p>\n                    <h4><span style=\"color: rgb(153, 153, 153); font-family: &quot;Playfair Display&quot;;\">Ansvar<\/span><\/h4>\n                    <p>Styret har et s\u00e6rskilt ansvar for at det innf\u00f8res og ut\u00f8ves internkontroll. Daglig leder er p\u00e5lagt hovedansvaret for gjennomf\u00f8ringen av et fullt forsvarlig HMS-arbeid.<\/p>\n                    <p>\n                      <br>\n                    <\/p>\n                    <h4><span style=\"color: rgb(153, 153, 153); font-family: &quot;Playfair Display&quot;;\">Hvem har ansvar for hva?<\/span><\/h4>\n                    <p>&#8211; Brannsikring av fellesomr\u00e5dene | daglig leder<\/p>\n                    <p>&#8211; Felles brannalarmanlegg | daglig leder<\/p>\n                    <p>&#8211; Vedlikehold og overv\u00e5king av felles elektrisk anlegg | daglig leder<\/p>\n                    <p>&#8211; Lekeplasser og lekeplassutstyr | daglig leder<\/p>\n                    <p>&#8211; Avfallsh\u00e5ndtering | daglig leder<\/p>\n                    <p>&#8211; Teknisk utstyr som varmtvannstanker, tilfluktsrom o.l. | daglig leder<\/p>\n                    <p>&#8211; Arbeidsgiveransvaret overfor vaktmester, kontorpersonell, renholder etc | daglig leder<\/p>\n                    <p>&#8211; Vedlikehold av maskinparken | daglig leder<\/p>\n                    <p>&#8211; Dugnad | daglig leder<\/p>\n                    <p>&#8211; Bekjempelse av skadedyr (fellesomr\u00e5det) | daglig leder<\/p>\n                    <p>&#8211; Vedlikehold av bygningsmasse | daglig leder<\/p>\n                    <p>&#8211; Trapper, gangveier og trafikk | daglig leder<\/p>\n                    <p>&#8211; Informasjon til beboerne om beboernes ansvar | daglig leder<\/p>\n                    <p>&#8211; Elektrisk anlegg og utstyr i boligen (skal til enhver tid v\u00e6re i orden) | andelseier<\/p>\n                    <p>&#8211; Brannvernutstyr som slokkere og varslere (skal til enhver tid v\u00e6re intakt) | andelseier<\/p>\n                    <p>&#8211; Sortere eget avfall og levere det p\u00e5 definert sted | andelseier<\/p>\n                    <p>\n                      <br>\n                    <\/p>\n                    <h4><span style=\"font-family: &quot;Playfair Display&quot;; color: rgb(153, 153, 153);\">Elektriske anlegg og utstyr<\/span><\/h4>\n                    <p>Rundt 40\u201350 % av alle husbranner skyldes feil og mangler ved det elektriske anlegget eller utstyret. Herunder ogs\u00e5 feil bruk av anlegget og utstyret. Derfor m\u00e5 vi ha en s\u00e6rlig oppmerksomhet mot alt som har med det elektriske \u00e5 gj\u00f8re.&nbsp;Boligselskapet\n                      er ansvarlig for at det elektriske anlegget og utstyret i fellesarealene til enhver tid er i orden. Det er videre styrets plikt \u00e5 gj\u00f8re eier eller bruker av den enkelte leilighet oppmerksom p\u00e5 det ansvar som\n                      <u>den enkelte<\/u> har etter lov og forskrift.&nbsp;Autorisert elektriker skal benyttes til alle el-arbeider i leilighetene. Det utf\u00f8res kontroll av el-anlegg i leilighetene hvert femte \u00e5r. Hvis det avdekkes alvorlige feil under denne\n                      kontrollen skal dette utbedres omg\u00e5ende p\u00e5 eiers bekostning. Jfr. Generalforsamlingsvedtak 2003.<\/p>\n                    <p>\n                      <br>\n                    <\/p>\n                    <h4><span style=\"font-family: &quot;Playfair Display&quot;; color: rgb(153, 153, 153);\">Egenkontroll<\/span><\/h4>\n                    <p>Andelseier\/beboer m\u00e5 selv s\u00f8rge for at det innenfor leiligheten (fra sikringsskap, inklusive sikringer og sikringselementer) blir foretatt n\u00f8dvendig ettersyn og vedlikehold. Det elektriske anlegget i leiligheten skal til enhver tid\n                      tilfredsstille gjeldende sikkerhetskrav. Boligselskapet har utarbeidet en sjekkliste som beboerne kan bruke for sin \u00e5rlige kontroll. Feil og mangler m\u00e5 rettes snarest, og det er beboeren\/andelseieren som m\u00e5 dekke kostnadene ved reparasjon\n                      og vedlikehold.<\/p>\n                    <p>\n                      <br>\n                    <\/p>\n                    <h4><span style=\"color: rgb(153, 153, 153); font-family: &quot;Playfair Display&quot;;\">Bruk autorisert elektroinstallat\u00f8r<\/span><\/h4>\n                    <p>Som hovedregel vil det v\u00e6re krav om at autorisert installat\u00f8r utbedrer feilene. Alle installat\u00f8rer plikter \u00e5 skrive ut en samsvarserkl\u00e6ring etter utf\u00f8rt arbeid, der de bevitner at arbeidet er utf\u00f8rt i samsvar med gjeldende regler.\n                      Styret vil anbefale at beboerne\n                      <u>ikke<\/u> betaler regningen f\u00f8r samsvarserkl\u00e6ring er mottatt. Samsvarserkl\u00e6ringen er viktig dokumentasjon ved seinere forsikringsoppgj\u00f8r, ved salg og andre tilfeller.&nbsp;Beboernes egenkontroll, sjekkliste for elektriske anlegg i\n                      boenhetene, kan lastes ned nederst p\u00e5 siden.<\/p>\n                    <p>\n                      <br>\n                    <\/p>\n                    <h4><span style=\"font-family: &quot;Playfair Display&quot;; color: rgb(153, 153, 153);\">Brannvern og brannvernutstyr<\/span><\/h4>\n                    <p>I boligselskapet er det montert ulike typer utstyr som f\u00f8lger: En godkjent husbrannslange er installert i hver enkelt leilighet, et\n                      <a href=\"https:\/\/hannestadterrasse.no?page_id=9643\">felles brannvarslingssystem<\/a> i alle fellesarealer hvor beboerne har muligheten til \u00e5 koble sin egen varsler til samme system. I tillegg er det montert godkjente r\u00f8ykvarslere i hver leilighet. H\u00e5ndslukkere er ogs\u00e5 tilgjengelige\n                      i garasjeanleggene.<\/p>\n                    <p>\n                      <br>\n                    <\/p>\n                    <h4><span style=\"color: rgb(153, 153, 153);\">R\u00f8ykvarsler<\/span><\/h4>\n                    <p>R\u00f8ykvarsleren skal monteres slik at den h\u00f8res tydelig p\u00e5 soverom n\u00e5r d\u00f8ren er lukket. Har man flere r\u00f8ykvarslere, b\u00f8r disse sammenkobles. Bruker har ansvar for vedlikehold og overv\u00e5king av r\u00f8ykvarslerne. Vedlikehold er bl.a. testing\n                      av at batteriet virker, og at varsleren ellers virker tilfredsstillende.&nbsp;&nbsp;Boligselskapet anbefaler utskiftninger av r\u00f8ykvarslere som er eldre enn 10 \u00e5r.<\/p>\n                    <p>\n                      <br>\n                    <\/p>\n                    <h4><span style=\"font-family: &quot;Playfair Display&quot;; color: rgb(153, 153, 153);\">Brannslokkeutstyr<\/span><\/h4>\n                    <p>Alle boenheter skal ha manuelt slokkeutstyr som kan benyttes i alle rom.&nbsp;Det er\n                      <u>bruker <\/u>som har ansvar for vedlikeholdet og kontrollen av brannslokkeutstyret i boenhetene.&nbsp;Med vedlikehold menes blant annet:&nbsp;At det er tilfredsstillende trykk i slangen, at den er lang nok til \u00e5 n\u00e5 alle rom, at den\n                      ikke lekker og at kranen ikke er vanskelig \u00e5 \u00e5pne.&nbsp;Boligselskapet s\u00f8rger for at det foretas fysisk kontroll og vedlikehold av varsler og pulverapparat p\u00e5 fellesarealer hvert femte \u00e5r.&nbsp;Ta kontakt med daglig leder\/styret\n                      hvis det er oppdaget feil eller mangler p\u00e5 brannvernutstyret.<\/p>\n                    <p>\n                      <br>\n                    <\/p>\n                    <h4><span style=\"color: rgb(153, 153, 153); font-family: &quot;Playfair Display&quot;;\">R\u00f8mningsveier<\/span>&nbsp;<\/h4>\n                    <p><span style=\"color: rgb(153, 153, 153);\">R\u00f8mningsveiene skal til enhver tid v\u00e6re ryddige og fri for hindringer. Trappel\u00f8p er r\u00f8mningsvei.<\/span>&nbsp;\n                      <u style=\"color: rgb(255, 0, 0);\">Brukerne<\/u><span style=\"color: rgb(255, 0, 0);\"> har ansvar for \u00e5 holde r\u00f8mningsveiene ryddige, og ikke hindre framkommelighet for brannvesenet eller andre redningsbiler.<\/span><\/p>\n                    <p>\n                      <br>\n                    <\/p>\n                    <h4><span style=\"font-family: &quot;Playfair Display&quot;; color: rgb(153, 153, 153);\">Branninstruks<\/span><\/h4>\n                    <p>Branninstruksen henger p\u00e5 oppslagstavlene i oppgangene. Den kan ogs\u00e5 lastes ned nederst p\u00e5 denne siden.<\/p>\n                    <p>\n                      <br>\n                    <\/p>\n                    <h4><span style=\"font-family: &quot;Playfair Display&quot;; color: rgb(153, 153, 153);\">Avfallsbehandling<\/span><\/h4>\n                    <p>Vi m\u00e5 f\u00f8lge kommunens retningslinjer for behandling av husholdningsavfall. V\u00e6r spesielt oppmerksom p\u00e5 matavfall. Matavfall p\u00e5 avveie kan f\u00f8re til skadedyrplage. M\u00f8bler og annet som skal kastes, skal ikke plasseres i kjeller- eller\n                      mellomganger, eller v\u00e6re til sjenanse i trappeoppganger og korridorer. Vi vil gjennomf\u00f8re felles ryddeaksjoner for st\u00f8rre gjenstander en til to ganger i \u00e5ret.<\/p>\n                    <h4>&nbsp;<\/h4>\n                    <h4><span style=\"font-size: 111%; font-family: &quot;Playfair Display&quot;; color: rgb(2, 110, 159);\">Dokumenter for nedlasting<\/span><span style=\"color: rgb(51, 102, 255);\">&nbsp;<\/span>&nbsp;<\/h4>\n                    <p>\n                      <a href=\"http:\/\/www.hannestadterrasse.no\/uploads\/elsjekk_egenkontroll.pdf\" class=\"customize-unpreviewable\">Beboernes egenkontroll, sjekkliste for elektriske anlegg i boenhetene<\/a>\n                    <\/p>\n                    <p>\n                      <a href=\"http:\/\/www.hannestadterrasse.no\/uploads\/branninstruks.pdf\" class=\"customize-unpreviewable\">Branninstruksen<\/a>\n                    <\/p>\n                    <p>\n                      <br>\n                    <\/p>\n                  <\/div>\n                <\/div>\n              <\/div>\n            <\/div>\n          <\/div>\n        <\/div>\n      <\/div>\n    <\/div>\n  <\/div>\n<\/div>","protected":false},"excerpt":{"rendered":"<p>Informasjon om helse-, milj\u00f8- og sikkerhetsarbeidet (HMS) i boligselskapet. I Hannestad Terrasse \u00f8nsker vi \u00e5 skape et trivelig og sikkert arbeids- og bomilj\u00f8 for alle beboere og ansatte. Vi skal ta vare p\u00e5 boligselskapets bygninger og materiell, forhindre belastning p\u00e5 det ytre milj\u00f8, og velge produkter og tjenester som ikke skal kunne skade beboerne eller [&hellip;]<\/p>\n","protected":false},"author":1,"featured_media":0,"parent":0,"menu_order":6,"comment_status":"closed","ping_status":"closed","template":"page-templates\/full-width-page.php","meta":{"ngg_post_thumbnail":0,"jetpack_post_was_ever_published":false,"footnotes":""},"jetpack_sharing_enabled":true,"jetpack_shortlink":"https:\/\/wp.me\/PcD7gH-oa","_links":{"self":[{"href":"https:\/\/hannestadterrasse.no\/index.php?rest_route=\/wp\/v2\/pages\/1498"}],"collection":[{"href":"https:\/\/hannestadterrasse.no\/index.php?rest_route=\/wp\/v2\/pages"}],"about":[{"href":"https:\/\/hannestadterrasse.no\/index.php?rest_route=\/wp\/v2\/types\/page"}],"author":[{"embeddable":true,"href":"https:\/\/hannestadterrasse.no\/index.php?rest_route=\/wp\/v2\/users\/1"}],"replies":[{"embeddable":true,"href":"https:\/\/hannestadterrasse.no\/index.php?rest_route=%2Fwp%2Fv2%2Fcomments&post=1498"}],"version-history":[{"count":21,"href":"https:\/\/hannestadterrasse.no\/index.php?rest_route=\/wp\/v2\/pages\/1498\/revisions"}],"predecessor-version":[{"id":10869,"href":"https:\/\/hannestadterrasse.no\/index.php?rest_route=\/wp\/v2\/pages\/1498\/revisions\/10869"}],"wp:attachment":[{"href":"https:\/\/hannestadterrasse.no\/index.php?rest_route=%2Fwp%2Fv2%2Fmedia&parent=1498"}],"curies":[{"name":"wp","href":"https:\/\/api.w.org\/{rel}","templated":true}]}}