{"id":3600,"date":"2019-10-09T10:31:30","date_gmt":"2019-10-09T08:31:30","guid":{"rendered":"http:\/\/hannestadterrasse.no.datasenter.no\/info\/?page_id=3600"},"modified":"2023-02-02T08:58:52","modified_gmt":"2023-02-02T07:58:52","slug":"tv-og-internett","status":"publish","type":"page","link":"https:\/\/hannestadterrasse.no\/?page_id=3600","title":{"rendered":"TV og internett"},"content":{"rendered":"<div data-colibri-id=\"3600-c1\" class=\"style-591 style-local-3600-c1 position-relative\">\n  <!---->\n  <div data-colibri-component=\"section\" data-colibri-id=\"3600-c2\" id=\"custom\" class=\"h-section h-section-global-spacing d-flex align-items-lg-center align-items-md-center align-items-center style-592 style-local-3600-c2 position-relative\">\n    <!---->\n    <!---->\n    <div class=\"h-separator\" style=\"height: 100px; bottom: calc(0px);\">\n      <svg style=\"fill:rgb(13, 79, 166);\" xmlns=\"http:\/\/www.w3.org\/2000\/svg\" viewBox=\"0 0 1000 100\" preserveAspectRatio=\"none\">\n        <path class=\"svg-white-bg\" d=\"M737.9,94.7L0,0v100h1000V0L737.9,94.7z\"><\/path>\n      <\/svg>\n    <\/div>\n    <div class=\"h-section-grid-container h-section-boxed-container\">\n      <!---->\n      <div data-colibri-id=\"3600-c3\" class=\"h-row-container gutters-row-lg-2 gutters-row-md-2 gutters-row-0 gutters-row-v-lg-2 gutters-row-v-md-2 gutters-row-v-2 style-593 style-local-3600-c3 position-relative\">\n        <!---->\n        <div class=\"h-row justify-content-lg-center justify-content-md-center justify-content-center align-items-lg-stretch align-items-md-stretch align-items-stretch gutters-col-lg-2 gutters-col-md-2 gutters-col-0 gutters-col-v-lg-2 gutters-col-v-md-2 gutters-col-v-2\">\n          <!---->\n          <div class=\"h-column h-column-container d-flex h-col-lg-auto h-col-md-auto h-col-auto style-594-outer style-local-3600-c4-outer\">\n            <div data-colibri-id=\"3600-c4\" class=\"d-flex h-flex-basis h-column__inner h-px-lg-2 h-px-md-2 h-px-2 v-inner-lg-2 v-inner-md-2 v-inner-2 style-594 style-local-3600-c4 position-relative\">\n              <!---->\n              <!---->\n              <div class=\"w-100 h-y-container h-column__content h-column__v-align flex-basis-100 align-self-lg-start align-self-md-start align-self-start\">\n                <!---->\n                <div data-colibri-id=\"3600-c5\" class=\"h-text h-text-component style-595 style-local-3600-c5 position-relative h-element\">\n                  <!---->\n                  <!---->\n                  <div class=\"\">\n                    <p>Hannestad Terrasse ble i 2022 tilknyttet fibernettet til&nbsp;\n                      <a href=\"https:\/\/www.telenor.no\" style=\"font-family: &quot;Open Sans&quot;; font-weight: 400; font-size: 1em; color: rgb(0, 102, 204);\" class=\"customize-unpreviewable\">Telenor<\/a>. Borettslaget eier selv det interne nettet i og mellom blokkene. Nettet kan benyttes til \u00e5 motta TV- og str\u00f8mmeinnhold.\n                      <br>\n                      <br>Produktet inkluderer fibernett og gir deg fleksibilitet til \u00e5 velge hvor mye bredb\u00e5nd og TV du vil ha. Andelseierne beholder det samme utstyret som i dag, og vil ha 240 poeng tilgjengelig til \u00e5 velge akkurat det som passer for deg.\n                      I avtalen er det forh\u00e5ndsvalgt bredb\u00e5ndshastighet 100 Mbps, T-We Basis og et startoppsett med de mest popul\u00e6re kanalene (100 poeng). \u00d8nsker du h\u00f8yere hastighet eller mer TV- innhold, kan du kj\u00f8pe ekstra poengpakker med 20 poeng til\n                      29 kroner per stykk per m\u00e5ned.<\/p>\n                    <p>\n                      <br>\n                    <\/p>\n                    <h5><strong style=\"color: rgb(153, 153, 153); font-family: &quot;Playfair Display&quot;;\">Kontakter<\/strong><\/h5>\n                    <p>Det ble montert \u00e9n kontakt vederlagsfritt i hver leilighet. Hvis man senere \u00f8nsker flere punkter, m\u00e5 dette betales av andelseier.\n                      <br>NB ! \u00c5 legge opp slike kontakter m\u00e5 utf\u00f8res av fagfolk.<\/p>\n                    <p>\n                      <br>\n                    <\/p>\n                    <h5><strong style=\"color: rgb(153, 153, 153); font-family: &quot;Playfair Display&quot;;\">TV og internett via fiber<\/strong><\/h5>\n                    <p>Borettslaget betaler for grunnpakke og internett (Frihet M) til alle beboere. Styret fornyet fellesavtalen med Telenor i mars 2022.<\/p>\n                    <p>Pakken inneholder en T-We II dekoder og internett-tilgang med tr\u00e5dl\u00f8s ruter i alle leiligheter. Veiledningshefte&nbsp;\n                      <a href=\"http:\/\/www.hannestadterrasse.no\/uploads\/Veiledningfor-twe-boksII-v3.pdf\" target=\"_blank\" style=\"font-family: &quot;Open Sans&quot;; font-weight: 400; font-size: 1em; color: rgb(0, 102, 204);\" class=\"customize-unpreviewable\" rel=\"noopener\">kan lastes ned her.<\/a>&nbsp;Telenor har forh\u00e5ndsvalgt T-We Basis (100 poeng) og et startoppsett med de mest popul\u00e6re kanalene (inntil 100 poeng). Valgfritt innhold kan endres s\u00e5 ofte du vil eller velges bort hvis du \u00f8nsker p\u00e5 telenor.no.\n                      Utstyret som ble levert (dekoder, tr\u00e5dl\u00f8s ruter og modem) f\u00f8lger leiligheten og tilh\u00f8rer Telenor Norge AS. Ved flytting er det andelseiers ansvar \u00e5 s\u00f8rge for at utstyret blir overlevert til ny eier.<\/p>\n                    <p><span style=\"color: rgb(255, 0, 0);\">Andelseier st\u00e5r \u00f8konomisk ansvarlig for utstyr som blir borte.\ufeff<\/span><\/p>\n                    <p><strong>Andre programpakker bestilles via kundesenter p\u00e5 telefon 915 09000.<\/strong><\/p>\n                    <p><strong>&nbsp;<\/strong>\n                      <br>\n                    <\/p>\n                    <h5><strong style=\"font-family: &quot;Playfair Display&quot;; color: rgb(153, 153, 153);\">Slik fungerer poengsystemet<\/strong><\/h5>\n                    <p>Frihet-produktet inkluderer 240 poeng. Disse poengene kan du fritt bruke til \u00e5 velge de tjenestene som du selv \u00f8nsker. Du kan endre bredb\u00e5ndshastighet og TV- og str\u00f8mmeinnhold s\u00e5 ofte du vil, uten ekstra kostnad. Ulike hastigheter\n                      og TV-innhold koster ulikt antall poeng.<\/p>\n                    <p>Bruker du mer poeng enn det du har inkludert, f\u00e5r du mulighet til \u00e5 kj\u00f8pe ekstra poengpakker uten bindingstid. En poengpakke inkluderer 20 poeng og koster 29 kroner per m\u00e5ned. Du kan n\u00e5r som helst si opp dine ekstra poengpakker ved\n                      \u00e5 fjerne innhold eller nedgradere bredb\u00e5ndshastigheten din.<\/p>\n                    <p>Ved sp\u00f8rsm\u00e5l eller bestilling ring Telenor&nbsp;p\u00e5&nbsp;&nbsp;<strong>915 09000<\/strong><\/p>\n                    <p>\n                      <br>\n                    <\/p>\n                    <h5><strong style=\"color: rgb(153, 153, 153); font-family: &quot;Playfair Display&quot;;\">N\u00e5r feil oppst\u00e5r<\/strong><\/h5>\n                    <p><strong>\ufeff<\/strong>Hannestad Terrasse har egen serviceavtale med Telenor p\u00e5 det interne anlegget. Sjekk f\u00f8rst at alle plugger st\u00e5r i og at ikke kablene ligger i klem. Snakk helst med noen i oppgangen og finn ut om de ogs\u00e5 har samme\n                      feilen.<\/p>\n                    <p>\n                      <br>\n                    <\/p>\n                    <p>F\u00f8r man kontakter kundeservice, fors\u00f8k dette:<\/p>\n                    <p>Ved feil p\u00e5 TV-signaler:<\/p>\n                    <p>Gj\u00f8r dekoderen str\u00f8ml\u00f8s i 2 minutter. Hvis dette ikke fungerer, g\u00e5 videre til neste punkt. Nullstill dekoderen til fabrikkinnstillinger.<\/p>\n                    <p>Ved feil p\u00e5 internett:<\/p>\n                    <p>Gj\u00f8r modem og tr\u00e5dl\u00f8s ruter str\u00f8ml\u00f8s i 2 minutter. Start tilknyttede enheter p\u00e5 nytt (PC, Mac, mobil, nettbrett o.l.)<\/p>\n                    <p>Hvis dette ikke fungerer, kontakt Telenors kundeservice p\u00e5 telefon&nbsp;<strong>915 09000&nbsp;for \u00e5 melde feil.<\/strong><\/p>\n                    <p><strong>\ufeff<\/strong><\/p>\n                    <h5>\n                      <br>\n                    <\/h5>\n                    <p>\n                      <br>\n                    <\/p>\n                  <\/div>\n                <\/div>\n              <\/div>\n            <\/div>\n          <\/div>\n        <\/div>\n      <\/div>\n    <\/div>\n  <\/div>\n<\/div>","protected":false},"excerpt":{"rendered":"<p>Hannestad Terrasse ble i 2022 tilknyttet fibernettet til&nbsp; Telenor. Borettslaget eier selv det interne nettet i og mellom blokkene. Nettet kan benyttes til \u00e5 motta TV- og str\u00f8mmeinnhold. Produktet inkluderer fibernett og gir deg fleksibilitet til \u00e5 velge hvor mye bredb\u00e5nd og TV du vil ha. Andelseierne beholder det samme utstyret som i dag, og [&hellip;]<\/p>\n","protected":false},"author":1,"featured_media":0,"parent":0,"menu_order":0,"comment_status":"closed","ping_status":"closed","template":"page-templates\/full-width-page.php","meta":{"ngg_post_thumbnail":0,"jetpack_post_was_ever_published":false,"footnotes":""},"jetpack_sharing_enabled":true,"jetpack_shortlink":"https:\/\/wp.me\/PcD7gH-W4","_links":{"self":[{"href":"https:\/\/hannestadterrasse.no\/index.php?rest_route=\/wp\/v2\/pages\/3600"}],"collection":[{"href":"https:\/\/hannestadterrasse.no\/index.php?rest_route=\/wp\/v2\/pages"}],"about":[{"href":"https:\/\/hannestadterrasse.no\/index.php?rest_route=\/wp\/v2\/types\/page"}],"author":[{"embeddable":true,"href":"https:\/\/hannestadterrasse.no\/index.php?rest_route=\/wp\/v2\/users\/1"}],"replies":[{"embeddable":true,"href":"https:\/\/hannestadterrasse.no\/index.php?rest_route=%2Fwp%2Fv2%2Fcomments&post=3600"}],"version-history":[{"count":20,"href":"https:\/\/hannestadterrasse.no\/index.php?rest_route=\/wp\/v2\/pages\/3600\/revisions"}],"predecessor-version":[{"id":9477,"href":"https:\/\/hannestadterrasse.no\/index.php?rest_route=\/wp\/v2\/pages\/3600\/revisions\/9477"}],"wp:attachment":[{"href":"https:\/\/hannestadterrasse.no\/index.php?rest_route=%2Fwp%2Fv2%2Fmedia&parent=3600"}],"curies":[{"name":"wp","href":"https:\/\/api.w.org\/{rel}","templated":true}]}}